(-5 - -13 - 7)?
5
What is the value of 4 + -4 + 0 - 6 - -6?
0
What is the value of -5 + (20 - 5) + (-12 - -10)?
8
What is the value of 5 + -4 + -3 + 6?
4
Calculate ((10 - 8) + 1 - -6) + 0.
9
-4 - 3 - (7 - 21) - 11
-4
What is -7 - -5 - -12 - 3?
7
(16 - 3) + -5 - 11
-3
Evaluate -2 + 4 - (4 + 5 - 5).
-2
What is 8 + (12 - (21 - 6))?
5
Evaluate -3 - (-10 + 14 - (1 + 0)).
-6
15 + -15 - (1 - -1)
-2
What is (3 - (1 + 1)) + 1?
2
(-8 - -3) + -8 + 14 + -12
-11
Calculate -5 + (2 - (8 + -4) - -2).
-5
Evaluate 3 - (4 - (2 + -4)).
-3
Evaluate 1 + 5 - ((0 - 0) + 1).
5
What is the value of (-5 - (5 - 17)) + 1 + -5?
3
What is the value of 1 - (0 - (7 + -9))?
-1
Evaluate (-5 + 4 - -9) + -5.
3
What is 22 + -15 + -4 + -8?
-5
Evaluate (3 + 1 + -4 - -1) + -8.
-7
What is the value of -5 - (-2 - 12) - (8 + 0)?
1
What is (13 - (2 + 5)) + -7?
-1
What is -13 - -7 - -5 - (1 - 2)?
0
Evaluate 2 + 2 + -2 + -6.
-4
Evaluate 12 + -9 - -5 - 9.
-1
What is -1 + (-7 - -7 - 3)?
-4
Calculate -2 - -5 - 3 - -3.
3
Evaluate 3 - (5 - (2 - (4 - 0))).
-4
Calculate -5 + -2 + (17 - 5).
5
Evaluate -13 + 5 + (3 - -1).
-4
What is 8 + -4 + 8 + -3?
9
What is 2 + (1 - 6) - (-3 - 5)?
5
Calculate -3 + (4 - 5) + 8.
4
What is (-8 - -14) + -6 + 2 + -5?
-3
Calculate 13 - (8 + 5 + (-3 - 4)).
7
Evaluate 29 - 28 - (0 - -5).
-4
(0 - 0) + 5 + -5
0
Calculate (-3 - 0) + 1 + 9 + -11.
-4
Calculate -7 - (1 + 6 + -1 + -9).
-4
What is the value of 8 - (29 + -30 + (-2 - -1))?
10
Evaluate 1 + 1 + -2 - (-12 + 11).
1
What is the value of 2 + (2 - 18) + 13 + -6?
-7
Calculate 3 + (-4 - (0 + -1 + -3)).
3
What is (18 - 17) + (0 + 2 - -3)?
6
What is the value of -10 - (-5 + (-8 - -5)) - -3?
1
Calculate (3 - 2) + (2 - 1).
2
2 - (-2 + (5 - 6))
5
Calculate 3 + -17 + 0 + (-4 - -9).
-9
What is the value of -5 + -1 + (4 - (1 - 3))?
0
Evaluate -6 + (2 - (-4 - -2)).
-2
What is 1 + (-9 - -19 - 4)?
7
Evaluate 0 + (7 - (-2 - -4)) + -5.
0
(-5 - (5 + -1 + -1)) + 4
-4
What is the value of -2 + -4 + 5 - -4?
3
Evaluate (8 + 2 - 5) + -4 + 2.
3
0 + (-3 - (-3 - -5 - 2))
-3
14 + -4 + -19 + 3 + 2
-4
Calculate 17 + -3 - (1 - -4) - 5.
4
What is 1 - (0 - 4 - -4 - 2)?
3
Evaluate (-3 - (-3 + -6)) + -9.
-3
What is the value of (8 - 8) + 3 + -2?
1
(-1 - 5) + (4 - 13) + 13
-2
Evaluate 2 + (5 - 0) + -4.
3
Calculate -3 - (-12 - (-9 + 5)).
5
Evaluate 6 + -15 + (10 - 2).
-1
Evaluate 8 + (9 + -6 - 6).
5
Evaluate 5 - (5 - 2) - -3.
5
What is the value of -10 - -13 - (2 + -3 + 6)?
-2
Calculate -4 + -4 + 4 + 1.
-3
What is 0 + 2 - (3 + -3)?
2
Calculate 4 - -1 - (54 + -43).
-6
What is the value of -5 + -1 - 8 - -24?
10
What is the value of 3 + (5 - (-1 - (-4 + 2)))?
7
What is 3 - ((-4 - -4) + -2)?
5
-1 + (-3 - -7) - (-2 + 5)
0
What is the value of ((-3 - -1) + 2 - -1) + 3?
4
Calculate 4 - (-5 + 3 + 0 + 3).
3
What is (-4 - -1) + 12 + -11?
-2
Evaluate (1 - ((3 - 3) + 1)) + -1.
-1
What is the value of 5 - (4 + -4 + 7)?
-2
What is the value of 6 + -5 - (-3 + (2 - -5))?
-3
What is the value of 1 - -2 - (6 - (-2 - -4))?
-1
What is -14 + 0 + 4 - -5?
-5
What is -4 + 10 - (10 + (2 - 8))?
2
Calculate 12 - (6 - (-7 + 6)).
5
What is -1 - ((-4 - 1) + (10 - 4))?
-2
2 - -1 - (22 + -20)
1
What is the value of (-11 - (-7 - 10)) + -5?
1
What is the value of 0 + -4 - (2 - 5)?
-1
What is 1 - (-1 + 1 + -6)?
7
0 + -3 + (5 - 4 - 1)
-3
Calculate (-6 + 11 - -3) + -5.
3
What is the value of 44 + -46 + (5 - -2)?
5
What is 7 + -10 - (1 + 0) - 0?
-4
Calculate 1 + (-6 - -8 - 1).
2
What is the value of -4 + -1 + 13 + -6?
2
What is 4 - (0 - (-1 - 1))?
2
Evaluate 0 - (13 + 0 - 11).
-2
Evaluate (1 - -3) + (15 - (25 + -16)).
10
What is the value of 3 + (-3 - (-3 - -1) - 0)?
2
4 - (-5 + 4 - -2)
3
What is the value of 10 - 8 - (1 + -4)?
5
What is 6 - (-5 + 12) - (9 + -10)?
0
What is -2 + 0 + -3 + (8 - 3)?
0
-6 - (16 - 15) - 1
-8
-1 + (3 - (-1 + 3))
0
1 + (3 - 0) + (-1 - 9)
-6
What is (7 - 0) + -1 + -89 + 85?
2
Evaluate -2 + 3 + -1 - -4.
4
Calculate 8 + (9 + -3 - 17).
-3
11 + (-3 - (0 - -3))
5
What is 35 + -34 + (1 - 3)?
-1
Evaluate 4 - (-1 + 6) - 1.
-2
Calculate 0 + (-11 - -2 - -4) + 7.
2
Calculate 9 + 1 - (24 + -18).
4
What is 7 - 5 - (-5 - -11)?
-4
Evaluate -6 + 1 + (4 - -3 - 0).
2
What is -7 - (3 + -8 + 1)?
-3
(-3 - -3) + (1 - 0 - 3)
-2
Evaluate (-1 - 7) + (-1 - (2 - 7)).
-4
What is the value of (8 - (-6 + 15)) + -5 + 13?
7
Evaluate 4 + -4 + -3 - (-5 + 6).
-4
What is the value of -8 - 0 - (0 - -12 - 14)?
-6
Evaluate (1 - 8) + -12 + 19.
0
What is 6 - (5 - (8 + -5))?
4
What is 3 - 3 - (-3 + 6) - -7?
4
What is the value of (-8 - -8) + 2 + -2 + 3?
3
-11 - (-6 - -9 - 8)
-6
Calculate -5 + (-1 + 5 - 1).
-2
Evaluate -15 + 3 + (1 - -4).
-7
What is the value of 1 - (-11 + 11 + -2)?
3
What is 4 + (1 - 4) + -1 + 4?
4
-4 - (0 - 4) - 2
-2
Calculate 1 + 3 + (-1 - 3).
0
What is 1 + (2 - (0 - -2))?
1
Calculate -44 - -32 - (0 + -3).
-9
Calculate 0 - 0 - (-4 + 1 + 3).
0
0 + 0 - -4 - (3 - -7)
-6
Evaluate -11 - (8 - (-1 + 9)).
-11
What is -7 + (2 + -2 - (-12 + 8))?
-3
What is the value of 10 - 0 - (-2 + 18)?
-6
(-39 - -25) + 7 - (-1 + -6)
0
Calculate -3 - (2 + (-2 - 3)).
0
Calculate -2 + 1 - (16 + -16).
-1
Calculate 1 + -1 + (-4 - -7).
3
What is the value of (0 - 2) + (-12 - -15)?
1
What is the value of 4 + -5 + -4 - (2 + -4)?
-3
Calculate (0 - -5) + -14 + 4.
-5
(6 - 3) + 0 + -1 - -1
3
-10 - -15 - -7 - (4 + 1)
7
What is the value of 1 + 2 - (12 + -9) - 3?
-3
-3 + (-3 - -2 - (1 + -3))
-2
Calculate 1 + 8 + (-1 - 3).
5
Calculate (1 - 5) + (3 - -2).
1
Evaluate 2 + (6 - ((2 - -3) + -1)).
4
4 + (3 - (6 - 0))
1
Evaluate 0 + 2 + -7 + 5.
0
What is -1 + -5 + (-16 - -21) + -3?
-4
What is the value of 157 - 153 - (9 + 2 + -1)?
-6
Evaluate -7 + (-6 + 9 - -3).
-1
What is 0 + 5 - (37 - 30)?
-2
-1 + 13 - (-8 - -16)
4
Evaluate -123 + 114 + (1 - -13).
5
2 + -6 + 4 + -2 + -1
-3
5 + 4 + 5 + -5 + -7
2
Evaluate 2 + 5 + -1 + -5.
1
7 + 2 + (-21 - -15)
3
What is (1 - (-2 - -1)) + (21 - 18)?
5
What is -2 - ((-9 - -10) + -5)?
2
What is the value of 2 - ((1 - -2) + 2 - -1)?
-4
What is (5 - (5 - -1)) + 3 + 0?
2
Evaluate -2 - -2 - -1 - (0 - -2).
-1
What is -7 + (2 - -4 - 2)?
-3
-2 + 2 + 12 + -9
3
Calculate 4 + (-8 - -3 - -7).
6
Calculate 13 - (15 - 8) - -1.
7
What is the value of 0 + (-2 - 9) + 7?
-4
Calculate 3 - (-3 - -10) - -8.
4
-5 + 0 + 4 + (2 - 3)
-2
What is the value of -5 - (4 + -8 + 3)?
-4
Evaluate (-5 - ((-5 - -4) + 2)) + 6.
0
What is 0 + 4 + (23 - 23)?
4
-1 - 4 - (-3 + 0)
-2
What is the value of -2 + -1 - (-11 - -2)?
6
-2 + (1 + 0 - (11 + -13))
1
1 - -2 - (0 - 2)
5
What is (2 - (0 - (-1 - 2))) + -1?
-2
What is the value of (2 - (1 + -6)) + (4 - 5)?
6
What is the value of 4 + (-2 - 6) + 3 + 3?
2
What is 5 - (12 - 8) - -1?
2
Calculate -15 + (4 - -9) + 8 + 0.
6
Evaluate 1 + 0 - (-12 + 27 + -10).
-4
What is 7 + (-5 - -15) + -5 + -8?
4
9 - 7 - (0 - 6)
8
Evaluate (0 - 0) + -9 + (9 - -1).
1
-4 + 2 + 5 + -3 + 5
5
Calculate -7 + -4 + 5 - -1.
-5
What is 0 + -3 + 8 - 5?
0
Evaluate -1 + (2 - 4) - (6 - 6).
-3
What is the value of -2 + 2 + 0 + 2?
2
What is the value of 4 + -3 + 0 + (2 - 0)?
3
What is -14 + 15 + -1 + -5 + 1?
-4
What is the value of 4 + -2 + 2 + -1?
3
Calculate 5 - (0 + -4 + 4).
5
Calculate -3 - (7 - 4) - 1.
-7
Evaluate 3 - (4 + (4 - 4)).
-1
What is the value of 1 + -2 + 3 + (0 - 3)?
-1
Calculate -3 + (-4 - -3) - 1.
-5
Evaluate (-3 - 8 - (-2 - -5)) + 6.
-8
What is the value of 0 + 2 - (0 + -2) - 1?
3
Evaluate 0 - (11 - (2 - -4)).
-5
Evaluate -11 - (-6 + (-5 - -7)) - -1.
-6
Calculate (11 - (5 + 7)) + -1 + 1.
-1
-2 - (4 + -1 - (-8 - -9))
-4
What is (1 - (-8 + 8)) + -7 + -1?
-7
What is 1 - (1 + -4 - -3) - 0?
1
Evaluate (2 - 8 - 2) + (-13 - -16).
-5
5 + -3 + 2 + -1 + -7
-4
(-1 - 1 - -3) + (1 - 0)
2
Evaluate -2 - (-18 - (-8 + 1 + 2)).
11
What is -3 + 2 + -2 + 0 + 4?
1
What is (10 - (-6 - -15)) + -4?
-3
-16 - (2 + (-22 - -13))
-9
What is -12 + 1 + (9 - -2) + -5?
-5
(-2 + -7 - -2) + (0 - -3)
-4
What is the value of -6 + 0 + (-9 - -12)?
-3
What is the value of (-8 - (-10 + 6)) + 1?
-3
Evaluate 5 - (3 - -8) - (-6 + 2).
-2
8 + (1 - (2 + -5 - -8))
4
What is the value of 3 + (-2 - (0 + 1)) - 1?
-1
What is -1 + 2 + (1 - -3) + -3?
2
What is the value of 7 - (-5 - -3 - -8)?
1
-2 + (-4 - (-11 + 4))
1
Evaluate 8 + -5 - (-2 + 15).
-10
What is the value of 5 + (-6 - -6 - 9) + -1?
-5
What is 0 - (0 + 2) - (27 + -24)?
-5
What is the value of 15 - (3 +